u) = -20*u**2 + 2 + 11*u**2 + 2*u**3 + 7*u**i. Calculate t(2).
10
Let r(t) = t**3 + 8*t**2 - 6*t + 3. Let w(n) = 888*n + 2658. Let d be w(-3). What is r(d)?
111
Let i be 18/(1 + -7) + -1. Let f be (-34)/i + 18/(-12). Let r(v) = -v**3 + 8*v**2 - 7*v + 6. What is r(f)?
6
Let i(u) = -4*u**2 - 54*u - 4. Let d(h) = -2*h**2 - h. Let r(l) = -d(l) + i(l). Calculate r(-26).
22
Let y(n) be the second derivative of -9*n**3/2 + 18*n**2 - 6035*n. Give y(2).
-18
Let o = -161 + 194. Suppose 6*b - o = -75. Let j(c) = c**3 + 7*c**2 + 4*c + 5. Determine j(b).
-23
Let l(n) = 2*n + 2. Suppose -51*j = 12*j + 315. Let p be 1 - (j - (-13 + 7)). Determine l(p).
2
Let j(m) = -m + 7 + 1 + 0. Suppose -2*d - 4*t + 22 = 0, -107*d = -112*d + t + 22. Suppose 0 = -11*v + 16*v + 5, d*h - v = 51. Calculate j(h).
-2
Let c = -381 + 383. Let a(f) = 0*f + 0*f - f - 5*f**c - 5*f - 7 - 2*f**2 - f**3. Determine a(-6).
-7
Let k be ((-3)/2 + 1)*(-2 + -8). Let r(h) = k*h - 21*h + 10*h + h**2 + 0 + 3. What is r(4)?
-5
Let s(r) = -173 - 37*r - 12*r**2 - r**3 + 25*r + r**2 + 161. Determine s(-10).
8
Suppose -4*i = h + 29 - 851, 5*h + 216 = i. Let y = i + -199. Let f(d) = 2*d**2 - 13*d - 6. Determine f(y).
1
Let x(r) = r**2 - 12*r + 27. Let n be x(8). Let v(k) = 11*k - 21. Let h be v(3). Let j(u) = -18 + u - 3*u + h. Calculate j(n).
4
Let z(d) = -144550 + 2*d**2 - 5*d**2 + 144552 + 4*d. What is z(3)?
-13
Suppose -269 = -5*u - 94. Let w(p) = 51*p + 1597. Let c be w(-31). Suppose 1 = 5*b + z + c, 5*b + u = -5*z. Let d(g) = -g**3 - 2*g**2 - g + 1. Determine d(b).
3
Let p = 52 + -23. Suppose p*v + 56 = 33*v. Let w(h) = h**3 - 15*h**2 + 13*h + 11. Determine w(v).
-3
Let n(v) = -v**3 + 6*v**2 + 4*v - 10. Let z(o) = -3*o - 20. Let q = 14 + -27. Let m be z(q). Suppose 0 = -16*d + m*d - 21. Determine n(d).
-31
Suppose -18*n + 253 = -161. Suppose -40 + 2 = 2*q. Let o = q + n. Let t(l) = -l + 2. Determine t(o).
-2
Let l(d) = -329*d + 333. Let w be l(1). Let f(v) = v**3 - 4*v**2 - 7*v + 19. Determine f(w).
-9
Let a(d) = d**3 + d**2 - d. Suppose 9*b = -b + 1440. Let u = 146 - b. Let g(z) = -3*z**3 - 3*z**2 + 2*z + 8. Let k(j) = u*a(j) + g(j). What is k(0)?
8
Let f(n) = n + 750. Let x(j) = -2*j - 2997. Let g(r) = -4*f(r) - x(r). Suppose -8 = 2*z, 4*b - z - 5 - 19 = 0. What is g(b)?
-13
Suppose -21 = -63*x + 56*x. Let r(o) = 26*o**2 + 2*o + 1. Let k(v) = 78*v**2 + 6*v + 3. Let q(j) = x*k(j) - 8*r(j). What is q(-1)?
25
Suppose -438*c - 50 - 2140 = 0. Let m(n) = n - 3 - 2*n + 2 + 4. Calculate m(c).
8
Let r(i) be the third derivative of -i**6/40 + 59*i**5/60 + 19*i**4/24 + 25*i**3/6 - 6*i**2 + 8*i. Let y be r(20). Let k(m) = -m**2 + 5*m + 6. What is k(y)?
6
Let i(j) be the third derivative of 5/6*j**3 + 0 + 0*j + 15*j**2 + 1/4*j**4 + 1/60*j**5. What is i(-6)?
5
Let z(w) = -22*w + 189. Let n(r) = -11*r + 90. Let x(p) = -5*n(p) + 3*z(p). Calculate x(11).
-4
Let f(j) = j - 7. Let p(x) = 6*x**3 + 2*x**2 - 4*x + 2. Let a be p(1). Let g be 170/153*a/(-5)*-6. Give f(g).
1
Let z be 4/(-8) - 2/(-4). Let j(p) be the second derivative of -p**5/20 - p**4/12 + p**3/6 + 16*p**2 - 50*p. Calculate j(z).
32
Suppose -940*a + 103 = -883*a - 11. Let r(b) = 9*b**2 - 17*b + 1. What is r(a)?
3
Let p(s) = -2*s**2 + 3*s**2 - 3*s + 2*s - 1 + 3*s. Let j be (-1)/((-12)/8)*(-1269)/282. Determine p(j).
2
Let g(w) be the first derivative of w**3/3 - 3*w**2 - 13*w - 13666. Give g(10).
27
Let s(l) = -11*l**2 + 259*l + 12. Let k(d) = -2*d**2 + 52*d + 1. Let c(h) = -5*k(h) + s(h). Suppose -4*y - 7 = 13. Determine c(y).
-13
Let t(q) be the second derivative of q**5/60 - q**4/6 + 2*q**3/3 - 31*q**2/2 + 88*q. Let b(f) be the first derivative of t(f). Calculate b(5).
9
Suppose -39*o - 6*o = 90. Let m = -5 + 7. Let n(p) = 5*p**m - 2*p**3 - p - 5*p**2 + 3*p. Calculate n(o).
12
Let z(r) be the second derivative of -r**4/2 - r**3/6 + r**2 + 6*r - 3. Let q(f) = f**2 + f - 1. Let l(u) = -q(u) - z(u). Calculate l(-1).
4
Let i be 75/(-45) + (-23)/(-3). Let u(h) = 31*h**2 + h + 29. Let o(z) = 11*z**2 + 10. Let w(a) = i*u(a) - 17*o(a). Calculate w(7).
-3
Let l(y) be the second derivative of y**5/20 + 5*y**4/12 - y**3/6 - 7*y**2/2 - 2*y + 10. Let o = -259 + 254. Calculate l(o).
-2
Let x(u) = -u**3 - 4*u**2 + 6*u + 3. Let z(l) = 2*l**3 + 9*l**2 - 21*l - 9. Let o(h) = 3*x(h) + z(h). Calculate o(-3).
9
Let w(q) = -q**2 - 4*q + 2*q**2 - q - 3. Suppose -8*g + 1324 = -2364. Let n = g - 464. Give w(n).
21
Suppose -253*w + 56*w + 5472 = 91*w. Let o(l) = l - 14. Calculate o(w).
5
Let u(m) = 4*m**2 - 1. Let r = 84 - 47. Suppose -4*t = 5*y - r + 2, -4*t = 2*y - 26. Let q be (3/(-6))/(2 + y/(-2)). What is u(q)?
3
Suppose 3*j + 28 = 16. Let u(d) = 5*d + 24. Let y(i) = -i - 7. Let g(v) = 2*u(v) + 7*y(v). Determine g(j).
-13
Let f(a) = -52*a**3 + 5*a**2 - 27*a + 93. Let l(s) = -87*s**3 + 9*s**2 - 55*s + 186. Let y(j) = 5*f(j) - 3*l(j). Calculate y(3).
6
Let h(a) = 74*a**2 - 21*a + 29. Let v(p) = -55*p**2 + 22*p - 28. Let i(u) = 3*h(u) + 4*v(u). Give i(-13).
-12
Suppose -5*a + 46 = -8*a - 4*w, -5*w = 20. Let k(b) = 4*b**2 + 3*b + 4. Let l(q) = -2*q**2 - 2*q - 3. Let d(f) = a*l(f) - 6*k(f). Determine d(3).
-24
Let v = -418 + 421. Let x(u) = -v - 1 + 0 - u + 5 + 7. Determine x(-8).
16
Let a(o) be the third derivative of o**6/120 + o**5/12 - o**4/24 - 13*o**3/6 + 33*o**2. Let n be a(-3). Let t(d) = -6*d - 10 + 4*d + 4*d. Determine t(n).
6
Let b(s) = -1728*s + 6*s**2 + 1750*s + 8*s**3 + 4*s**2 - 7*s**3. Determine b(-7).
-7
Let c(v) = -11*v**2 - 157*v + 113. Let p be c(-15). Let w(g) = -g**3 - 6*g**2 + 3*g - 11. Determine w(p).
17
Let g(i) = -5*i**2 + i. Suppose t - 2 = 6*r - 3*r, -t + 1 = -2*r. Let c be (-24)/(-48)*(-3 - t). Calculate g(c).
-6
Let r(c) = c - 5. Let o(t) = -t**3 + 18*t**2 - 2*t - 19*t**2 + 3*t. Let a be o(0). Suppose 20 = -2*b - f, a = -2*b + 7*b + f + 44. Give r(b).
-13
Let h(r) = -4*r**2 + 34*r - 50. Let m be h(2). Let u(k) be the first derivative of -m*k**3 + 4*k**2 - 1/4*k**4 + 0*k + 8. Calculate u(-7).
-7
Suppose 56*s - 47*s = -135. Let c be (-12)/s - ((-145)/(-25) + -6). Let q(o) = -6*o + 1. Determine q(c).
-5
Let k(o) be the third derivative of 1/6*o**3 + 0*o**4 + 0*o + 23*o**2 + 0 - 1/120*o**6 + 1/60*o**5. What is k(0)?
1
Let v(f) = 43*f**3 - 2*f - 1. Let x(w) = w**2 + 54*w + 724. Let c be x(-25). Give v(c).
-42
Let j(x) = 1236 - 12*x - x**2 - 618 - 629 + 6*x. What is j(-5)?
-6
Let f(u) = -2*u**3 + 7*u - 4. Let z(m) = m**3 - 3*m + 2. Let b(g) = 2*f(g) + 5*z(g). Suppose 34*i = 23*i + 22. Suppose -i*y - 883 = -879. Determine b(y).
-4
Suppose b = 2 - 0. Let j be (25/5 - b) + -1. Let l(u) = 2*u - 2*u + 30*u**j - 31*u**2 - 7*u**3. Determine l(-1).
6
Let x(y) = 57260*y**3 + 64*y + 57252*y**3 - 114511*y**3 + 33*y**2 + 36. Give x(-31).
-26
Suppose -3*t + 19 = 5*w, -5*w + 3 - 2 = -3*t. Let x(q) = -17*q**2 - 15*q - 52. Let y(i) = 11*i**2 + 9*i + 33. Let f(a) = 5*x(a) + 8*y(a). Calculate f(t).
22
Let s(k) = 2*k**3 + 6*k**2 - k + 5. Let g(o) = 7*o + 37. Let y be g(-5). Let j(n) = -n**3 - 5*n**2 - 4. Let l(t) = y*s(t) + 3*j(t). Determine l(4).
6
Suppose 32*c = 27*c + 5. Let k = 3 - c. Suppose k*o - 3 = -13. Let r(l) = -2*l - 4. Give r(o).
6
Let b(p) = p**2 - p - 14. Suppose -57 = -7*a + 27. Let u(d) = 2*d - 24. Let i be u(a). What is b(i)?
-14
Let g(i) = -155*i - 157. Let n = -11322 + 11321. What is g(n)?
-2
Let y(f) = -f**2 + 14*f - 14. Let a(z) = 33*z + 341. Let s be a(-10). Give y(s).
19
Let d(k) = -4*k**3 - 6*k**2 + 4*k - 1. Let a be -17*(2205/(-357) - (-24)/4). Give d(a).
-151
Let j(i) = -8*i**3 + 3*i**2 + 9. Let q(b) = -3 + 69083*b**2 + 0 + 3*b**3 - 69084*b**2. Let p(u) = -4*j(u) - 11*q(u). Determine p(3).
-39
Let o(u) = 21*u**3 - 3*u. Let r be (-3 - 7)*1/1. Let f be (-26)/r - 12/20. Let n(v) = 20*v**3 - 2*v. Let i(z) = f*o(z) - 3*n(z). What is i(1)?
-18
Let x(o) = 19*o. Let p be 3/((6/10)/((-10)/25)). Let i(l) = -135*l. Let q(n) = p*i(n) - 15*x(n). Calculate q(-1).
15
Let q(j) = 9*j - 1. Suppose -n - 80 = 19*n. Let y be (-6)/48*n*-2. Give q(y).
-10
Suppose 105*f = 111*f + 6. Let u be f - -4 - (-2 - 0). Let w(d) = -2 - 4 - d**3 + 2*d**2 + 4*d**2 - 3*d. What is w(u)?
4
Let x(w) be the third derivative of -w**6/40 + 49*w**5/20 + w**4/12 - 97*w**3/6 - 6*w**2 + 2*w. Let t be x(49). Let r(c) = -32*c + 1. What is r(t)?
-31
Let k(h) = 9*h**2 - 190*h + 13. Suppos